{"id":2517,"date":"2023-11-15T10:11:20","date_gmt":"2023-11-15T10:11:20","guid":{"rendered":"https:\/\/grafiquescondal.cat\/?page_id=2517"},"modified":"2024-12-15T15:11:17","modified_gmt":"2024-12-15T15:11:17","slug":"nous","status":"publish","type":"page","link":"https:\/\/graficascondal.com\/index.php\/fr\/nous\/","title":{"rendered":"Nous"},"content":{"rendered":"\t\t<div data-elementor-type=\"wp-page\" data-elementor-id=\"2517\" class=\"elementor elementor-2517\">\n\t\t\t\t\t\t<section class=\"elementor-section elementor-top-section elementor-element elementor-element-29c0065c elementor-section-boxed elementor-section-height-default elementor-section-height-default\" data-id=\"29c0065c\" data-element_type=\"section\" data-settings=\"{&quot;background_background&quot;:&quot;classic&quot;}\">\n\t\t\t\t\t\t<div class=\"elementor-container elementor-column-gap-no\">\n\t\t\t\t\t<div class=\"elementor-column elementor-col-100 elementor-top-column elementor-element elementor-element-5be4d3da\" data-id=\"5be4d3da\" data-element_type=\"column\">\n\t\t\t<div class=\"elementor-widget-wrap elementor-element-populated\">\n\t\t\t\t\t\t<section class=\"elementor-section elementor-inner-section elementor-element elementor-element-4b150f03 elementor-section-boxed elementor-section-height-default elementor-section-height-default\" data-id=\"4b150f03\" data-element_type=\"section\">\n\t\t\t\t\t\t<div class=\"elementor-container elementor-column-gap-no\">\n\t\t\t\t\t<div class=\"elementor-column elementor-col-100 elementor-inner-column elementor-element elementor-element-7a001fb0\" data-id=\"7a001fb0\" data-element_type=\"column\">\n\t\t\t<div class=\"elementor-widget-wrap elementor-element-populated\">\n\t\t\t\t\t\t<div class=\"elementor-element elementor-element-51bcf3a8 elementor-widget elementor-widget-heading\" data-id=\"51bcf3a8\" data-element_type=\"widget\" data-widget_type=\"heading.default\">\n\t\t\t\t<div class=\"elementor-widget-container\">\n\t\t\t<h1 class=\"elementor-heading-title elementor-size-default\">Apprenez \u00e0 nous conna\u00eetre<\/h1>\t\t<\/div>\n\t\t\t\t<\/div>\n\t\t\t\t<div class=\"elementor-element elementor-element-354ada62 elementor-widget elementor-widget-text-editor\" data-id=\"354ada62\" data-element_type=\"widget\" data-widget_type=\"text-editor.default\">\n\t\t\t\t<div class=\"elementor-widget-container\">\n\t\t\t\t\t\t\t<p>Graficas Condal est une entreprise fond\u00e9e en 1968 \u00e0 Terrassa (Barcelona &#8211; Espagne). Nous investissons constamment dans le capital humain et les derni\u00e8res technologies pour nous assurer d&#8217;offrir le meilleur service et la meilleure qualit\u00e9 \u00e0 nos clients. Nous nous engageons \u00e0 r\u00e9pondre \u00e0 vos besoins et travaillons pour devenir votre partenaire de confiance. Nous apportons \u00e0 nos clients des solutions globales adapt\u00e9es \u00e0 leurs besoins, gr\u00e2ce \u00e0 un service personnalis\u00e9 du d\u00e9but \u00e0 la fin de leur projet.<\/p>\t\t\t\t\t\t<\/div>\n\t\t\t\t<\/div>\n\t\t\t\t\t<\/div>\n\t\t<\/div>\n\t\t\t\t\t<\/div>\n\t\t<\/section>\n\t\t\t\t\t<\/div>\n\t\t<\/div>\n\t\t\t\t\t<\/div>\n\t\t<\/section>\n\t\t<div class=\"elementor-element elementor-element-244cc8aa e-flex e-con-boxed elementor-invisible e-con e-parent\" data-id=\"244cc8aa\" data-element_type=\"container\" data-settings=\"{&quot;background_background&quot;:&quot;classic&quot;,&quot;animation&quot;:&quot;fadeInUp&quot;}\">\n\t\t\t\t\t<div class=\"e-con-inner\">\n\t\t<div class=\"elementor-element elementor-element-3c63dee5 e-con-full e-flex e-con e-child\" data-id=\"3c63dee5\" data-element_type=\"container\">\n\t\t\t\t<div class=\"elementor-element elementor-element-1e5ffe6c elementor-hidden-mobile elementor-widget elementor-widget-image\" data-id=\"1e5ffe6c\" data-element_type=\"widget\" data-widget_type=\"image.default\">\n\t\t\t\t<div class=\"elementor-widget-container\">\n\t\t\t\t\t\t\t\t\t\t\t\t\t<img fetchpriority=\"high\" decoding=\"async\" width=\"512\" height=\"512\" src=\"https:\/\/graficascondal.com\/wp-content\/uploads\/2023\/10\/edificio.png\" class=\"attachment-full size-full wp-image-1493\" alt=\"\" \/>\t\t\t\t\t\t\t\t\t\t\t\t\t<\/div>\n\t\t\t\t<\/div>\n\t\t\t\t<\/div>\n\t\t<div class=\"elementor-element elementor-element-2a67919c e-con-full e-flex e-con e-child\" data-id=\"2a67919c\" data-element_type=\"container\">\n\t\t\t\t<div class=\"elementor-element elementor-element-23300ad4 elementor-widget elementor-widget-text-editor\" data-id=\"23300ad4\" data-element_type=\"widget\" data-widget_type=\"text-editor.default\">\n\t\t\t\t<div class=\"elementor-widget-container\">\n\t\t\t\t\t\t\t<h2>PPOURQUOI COLLABORER ENSEMBLE ?<\/h2><h3><strong>Exp\u00e9rience<\/strong><\/h3><p>Nous avons plus de 60 ans d&#8217;exp\u00e9rience dans le secteur, alliant tradition et derni\u00e8res technologies.<\/p><h3><strong>Innovation et environnement<\/strong><\/h3><p>Nous veillons \u00e0 toujours disposer de la meilleure technologie au service de nos clients et nous sommes toujours au courant des derni\u00e8res solutions en mati\u00e8re de mat\u00e9riaux et de processus de production.<\/p><h3><strong>Engagement de service<\/strong><\/h3><p>Nous nous d\u00e9finissons par la recherche de l&#8217;excellence dans le service et l&#8217;attention port\u00e9e \u00e0 nos clients ainsi que dans la qualit\u00e9 de nos produits, et le respect des d\u00e9lais de livraison convenus.<\/p><h3><strong>Conseil actif<\/strong><\/h3><p>Nous sommes toujours conscients des besoins de nos clients et proposons toujours des solutions pour optimiser les co\u00fbts, am\u00e9liorer la qualit\u00e9 et la durabilit\u00e9.<\/p><h3><strong>R\u00e9solution de probl\u00e8mes et r\u00e9activit\u00e9<\/strong><\/h3><p>Notre syst\u00e8me qualit\u00e9 est ax\u00e9 sur le contr\u00f4le ainsi que sur l&#8217;efficacit\u00e9 dans la r\u00e9solution des incidents et la minimisation des pannes tout au long de la cha\u00eene de production et d&#8217;approvisionnement.<\/p>\t\t\t\t\t\t<\/div>\n\t\t\t\t<\/div>\n\t\t\t\t<\/div>\n\t\t\t\t\t<\/div>\n\t\t\t\t<\/div>\n\t\t<div class=\"elementor-element elementor-element-31b01ceb e-flex e-con-boxed e-con e-parent\" data-id=\"31b01ceb\" data-element_type=\"container\">\n\t\t\t\t\t<div class=\"e-con-inner\">\n\t\t<div class=\"elementor-element elementor-element-5dc2f824 e-con-full e-flex elementor-invisible e-con e-child\" data-id=\"5dc2f824\" data-element_type=\"container\" data-settings=\"{&quot;background_background&quot;:&quot;classic&quot;,&quot;animation&quot;:&quot;fadeInLeft&quot;}\">\n\t\t\t\t<div class=\"elementor-element elementor-element-26285bf8 e-transform elementor-widget elementor-widget-heading\" data-id=\"26285bf8\" data-element_type=\"widget\" data-settings=\"{&quot;_transform_scale_effect_hover&quot;:{&quot;unit&quot;:&quot;px&quot;,&quot;size&quot;:1.3,&quot;sizes&quot;:[]},&quot;_transform_scale_effect_hover_tablet&quot;:{&quot;unit&quot;:&quot;px&quot;,&quot;size&quot;:&quot;&quot;,&quot;sizes&quot;:[]},&quot;_transform_scale_effect_hover_mobile&quot;:{&quot;unit&quot;:&quot;px&quot;,&quot;size&quot;:&quot;&quot;,&quot;sizes&quot;:[]}}\" data-widget_type=\"heading.default\">\n\t\t\t\t<div class=\"elementor-widget-container\">\n\t\t\t<h2 class=\"elementor-heading-title elementor-size-default\">HIER<\/h2>\t\t<\/div>\n\t\t\t\t<\/div>\n\t\t\t\t<\/div>\n\t\t<div class=\"elementor-element elementor-element-2d637cf1 e-con-full e-flex elementor-invisible e-con e-child\" data-id=\"2d637cf1\" data-element_type=\"container\" data-settings=\"{&quot;background_background&quot;:&quot;classic&quot;,&quot;animation&quot;:&quot;fadeInRight&quot;}\">\n\t\t\t\t<div class=\"elementor-element elementor-element-4d2b9de3 e-transform elementor-widget elementor-widget-heading\" data-id=\"4d2b9de3\" data-element_type=\"widget\" data-settings=\"{&quot;_transform_scale_effect_hover&quot;:{&quot;unit&quot;:&quot;px&quot;,&quot;size&quot;:1.3,&quot;sizes&quot;:[]},&quot;_transform_scale_effect_hover_tablet&quot;:{&quot;unit&quot;:&quot;px&quot;,&quot;size&quot;:&quot;&quot;,&quot;sizes&quot;:[]},&quot;_transform_scale_effect_hover_mobile&quot;:{&quot;unit&quot;:&quot;px&quot;,&quot;size&quot;:&quot;&quot;,&quot;sizes&quot;:[]}}\" data-widget_type=\"heading.default\">\n\t\t\t\t<div class=\"elementor-widget-container\">\n\t\t\t<h2 class=\"elementor-heading-title elementor-size-default\">AUJOURD'HUI<\/h2>\t\t<\/div>\n\t\t\t\t<\/div>\n\t\t\t\t<\/div>\n\t\t\t\t\t<\/div>\n\t\t\t\t<\/div>\n\t\t\t\t<section class=\"elementor-section elementor-top-section elementor-element elementor-element-a24ba86 elementor-section-boxed elementor-section-height-default elementor-section-height-default elementor-invisible\" data-id=\"a24ba86\" data-element_type=\"section\" data-settings=\"{&quot;background_background&quot;:&quot;classic&quot;,&quot;animation&quot;:&quot;slideInUp&quot;}\">\n\t\t\t\t\t\t\t<div class=\"elementor-background-overlay\"><\/div>\n\t\t\t\t\t\t\t<div class=\"elementor-container elementor-column-gap-no\">\n\t\t\t\t\t<div class=\"elementor-column elementor-col-100 elementor-top-column elementor-element elementor-element-3da3cdd1\" data-id=\"3da3cdd1\" data-element_type=\"column\">\n\t\t\t<div class=\"elementor-widget-wrap elementor-element-populated\">\n\t\t\t\t\t\t<div class=\"elementor-element elementor-element-55dfdf20 elementor-widget elementor-widget-heading\" data-id=\"55dfdf20\" data-element_type=\"widget\" data-widget_type=\"heading.default\">\n\t\t\t\t<div class=\"elementor-widget-container\">\n\t\t\t<h2 class=\"elementor-heading-title elementor-size-default\">Les meilleures pratiques pour un avenir meilleur<\/h2>\t\t<\/div>\n\t\t\t\t<\/div>\n\t\t\t\t<div class=\"elementor-element elementor-element-7a04c31 elementor-widget elementor-widget-heading\" data-id=\"7a04c31\" data-element_type=\"widget\" data-widget_type=\"heading.default\">\n\t\t\t\t<div class=\"elementor-widget-container\">\n\t\t\t<p class=\"elementor-heading-title elementor-size-default\">Chez Graficas Condal, nous consid\u00e9rons la durabilit\u00e9 comme un engagement strat\u00e9gique pour l'avenir et nous l'associons au d\u00e9veloppement de notre entreprise. Nous int\u00e9grons les meilleures pratiques, m\u00e9thodologies, processus et technologies dans notre gestion quotidienne, en r\u00e9utilisant les mat\u00e9riaux et les ressources. Nous surveillons l'impact de notre activit\u00e9.<\/p>\t\t<\/div>\n\t\t\t\t<\/div>\n\t\t\t\t<div class=\"elementor-element elementor-element-611fe886 elementor-widget elementor-widget-image\" data-id=\"611fe886\" data-element_type=\"widget\" data-widget_type=\"image.default\">\n\t\t\t\t<div class=\"elementor-widget-container\">\n\t\t\t\t\t\t\t\t\t\t\t\t\t<img decoding=\"async\" width=\"512\" height=\"512\" src=\"https:\/\/graficascondal.com\/wp-content\/uploads\/2023\/10\/sostenibilidad.png\" class=\"attachment-large size-large wp-image-1912\" alt=\"Sostenibilidad\" \/>\t\t\t\t\t\t\t\t\t\t\t\t\t<\/div>\n\t\t\t\t<\/div>\n\t\t\t\t\t<\/div>\n\t\t<\/div>\n\t\t\t\t\t<\/div>\n\t\t<\/section>\n\t\t\t\t<\/div>\n\t\t","protected":false},"excerpt":{"rendered":"<p>Apprenez \u00e0 nous conna\u00eetre Graficas Condal est une entreprise fond\u00e9e en 1968 \u00e0 Terrassa (Barcelona &#8211; Espagne). Nous investissons constamment dans le capital humain et les derni\u00e8res technologies pour nous assurer d&#8217;offrir le meilleur service et la meilleure qualit\u00e9 \u00e0 nos clients. Nous nous engageons \u00e0 r\u00e9pondre \u00e0 vos besoins et travaillons pour devenir votre &hellip;<\/p>\n<p class=\"read-more\"> <a class=\"\" href=\"https:\/\/graficascondal.com\/index.php\/fr\/nous\/\"> <span class=\"screen-reader-text\">Nous<\/span> Leer m\u00e1s &raquo;<\/a><\/p>\n","protected":false},"author":1,"featured_media":0,"parent":0,"menu_order":10,"comment_status":"closed","ping_status":"closed","template":"","meta":{"_uag_custom_page_level_css":"","site-sidebar-layout":"no-sidebar","site-content-layout":"page-builder","ast-site-content-layout":"full-width-container","site-content-style":"unboxed","site-sidebar-style":"unboxed","ast-global-header-display":"","ast-banner-title-visibility":"","ast-main-header-display":"","ast-hfb-above-header-display":"","ast-hfb-below-header-display":"","ast-hfb-mobile-header-display":"","site-post-title":"disabled","ast-breadcrumbs-content":"","ast-featured-img":"disabled","footer-sml-layout":"","theme-transparent-header-meta":"enabled","adv-header-id-meta":"","stick-header-meta":"","header-above-stick-meta":"","header-main-stick-meta":"","header-below-stick-meta":"","astra-migrate-meta-layouts":"set","ast-page-background-enabled":"default","ast-page-background-meta":{"desktop":{"background-color":"var(--ast-global-color-4)","background-image":"","background-repeat":"repeat","background-position":"center center","background-size":"auto","background-attachment":"scroll","background-type":"","background-media":"","overlay-type":"","overlay-color":"","overlay-gradient":""},"tablet":{"background-color":"","background-image":"","background-repeat":"repeat","background-position":"center center","background-size":"auto","background-attachment":"scroll","background-type":"","background-media":"","overlay-type":"","overlay-color":"","overlay-gradient":""},"mobile":{"background-color":"","background-image":"","background-repeat":"repeat","background-position":"center center","background-size":"auto","background-attachment":"scroll","background-type":"","background-media":"","overlay-type":"","overlay-color":"","overlay-gradient":""}},"ast-content-background-meta":{"desktop":{"background-color":"var(--ast-global-color-5)","background-image":"","background-repeat":"repeat","background-position":"center center","background-size":"auto","background-attachment":"scroll","background-type":"","background-media":"","overlay-type":"","overlay-color":"","overlay-gradient":""},"tablet":{"background-color":"var(--ast-global-color-5)","background-image":"","background-repeat":"repeat","background-position":"center center","background-size":"auto","background-attachment":"scroll","background-type":"","background-media":"","overlay-type":"","overlay-color":"","overlay-gradient":""},"mobile":{"background-color":"var(--ast-global-color-5)","background-image":"","background-repeat":"repeat","background-position":"center center","background-size":"auto","background-attachment":"scroll","background-type":"","background-media":"","overlay-type":"","overlay-color":"","overlay-gradient":""}},"_themeisle_gutenberg_block_has_review":false,"footnotes":""},"class_list":["post-2517","page","type-page","status-publish","hentry"],"yoast_head":"<!-- This site is optimized with the Yoast SEO plugin v24.0 - https:\/\/yoast.com\/wordpress\/plugins\/seo\/ -->\n<title>Nous - Gr\u00e1ficas Condal SA - Exp\u00e9rience et innovation<\/title>\n<meta name=\"description\" content=\"Plus de 50 ans d&#039;exp\u00e9rience en arts graphiques, proposant des solutions personnalis\u00e9es et durables \u00e0 nos clients.\" \/>\n<meta name=\"robots\" content=\"index, follow, max-snippet:-1, max-image-preview:large, max-video-preview:-1\" \/>\n<link rel=\"canonical\" href=\"https:\/\/graficascondal.com\/index.php\/fr\/nous\/\" \/>\n<meta property=\"og:locale\" content=\"es_ES\" \/>\n<meta property=\"og:type\" content=\"article\" \/>\n<meta property=\"og:title\" content=\"Nous - Gr\u00e1ficas Condal SA - Exp\u00e9rience et innovation\" \/>\n<meta property=\"og:description\" content=\"Plus de 50 ans d&#039;exp\u00e9rience en arts graphiques, proposant des solutions personnalis\u00e9es et durables \u00e0 nos clients.\" \/>\n<meta property=\"og:url\" content=\"https:\/\/graficascondal.com\/index.php\/fr\/nous\/\" \/>\n<meta property=\"og:site_name\" content=\"Gr\u00e1ficas Condal SA - Soluciones de packaging personalizadas\" \/>\n<meta property=\"article:modified_time\" content=\"2024-12-15T15:11:17+00:00\" \/>\n<meta property=\"og:image\" content=\"http:\/\/graficascondal.com\/wp-content\/uploads\/2023\/10\/edificio.png\" \/>\n<meta name=\"twitter:card\" content=\"summary_large_image\" \/>\n<meta name=\"twitter:label1\" content=\"Tiempo de lectura\" \/>\n\t<meta name=\"twitter:data1\" content=\"2 minutos\" \/>\n<script type=\"application\/ld+json\" class=\"yoast-schema-graph\">{\"@context\":\"https:\/\/schema.org\",\"@graph\":[{\"@type\":\"WebPage\",\"@id\":\"https:\/\/graficascondal.com\/index.php\/fr\/nous\/\",\"url\":\"https:\/\/graficascondal.com\/index.php\/fr\/nous\/\",\"name\":\"Nous - Gr\u00e1ficas Condal SA - Exp\u00e9rience et innovation\",\"isPartOf\":{\"@id\":\"https:\/\/graficascondal.com\/#website\"},\"primaryImageOfPage\":{\"@id\":\"https:\/\/graficascondal.com\/index.php\/fr\/nous\/#primaryimage\"},\"image\":{\"@id\":\"https:\/\/graficascondal.com\/index.php\/fr\/nous\/#primaryimage\"},\"thumbnailUrl\":\"http:\/\/graficascondal.com\/wp-content\/uploads\/2023\/10\/edificio.png\",\"datePublished\":\"2023-11-15T10:11:20+00:00\",\"dateModified\":\"2024-12-15T15:11:17+00:00\",\"description\":\"Plus de 50 ans d'exp\u00e9rience en arts graphiques, proposant des solutions personnalis\u00e9es et durables \u00e0 nos clients.\",\"breadcrumb\":{\"@id\":\"https:\/\/graficascondal.com\/index.php\/fr\/nous\/#breadcrumb\"},\"inLanguage\":\"es\",\"potentialAction\":[{\"@type\":\"ReadAction\",\"target\":[\"https:\/\/graficascondal.com\/index.php\/fr\/nous\/\"]}]},{\"@type\":\"ImageObject\",\"inLanguage\":\"es\",\"@id\":\"https:\/\/graficascondal.com\/index.php\/fr\/nous\/#primaryimage\",\"url\":\"https:\/\/graficascondal.com\/wp-content\/uploads\/2023\/10\/edificio.png\",\"contentUrl\":\"https:\/\/graficascondal.com\/wp-content\/uploads\/2023\/10\/edificio.png\",\"width\":512,\"height\":512},{\"@type\":\"BreadcrumbList\",\"@id\":\"https:\/\/graficascondal.com\/index.php\/fr\/nous\/#breadcrumb\",\"itemListElement\":[{\"@type\":\"ListItem\",\"position\":1,\"name\":\"Portada\",\"item\":\"https:\/\/www.graficascondal.com\/\"},{\"@type\":\"ListItem\",\"position\":2,\"name\":\"Nous\"}]},{\"@type\":\"WebSite\",\"@id\":\"https:\/\/graficascondal.com\/#website\",\"url\":\"https:\/\/graficascondal.com\/\",\"name\":\"Gr\u00e1ficas Condal SA - Soluciones de packaging personalizadas\",\"description\":\"Desde hace m\u00e1s de 60 a\u00f1os, producimos soluciones de packaging personalizadas con la m\u00e1xima calidad\",\"publisher\":{\"@id\":\"https:\/\/graficascondal.com\/#organization\"},\"alternateName\":\"Gr\u00e1ficas Condal\",\"potentialAction\":[{\"@type\":\"SearchAction\",\"target\":{\"@type\":\"EntryPoint\",\"urlTemplate\":\"https:\/\/graficascondal.com\/?s={search_term_string}\"},\"query-input\":{\"@type\":\"PropertyValueSpecification\",\"valueRequired\":true,\"valueName\":\"search_term_string\"}}],\"inLanguage\":\"es\"},{\"@type\":\"Organization\",\"@id\":\"https:\/\/graficascondal.com\/#organization\",\"name\":\"Gr\u00e1ficas Condal SA\",\"alternateName\":\"Gr\u00e1ficas Condal\",\"url\":\"https:\/\/graficascondal.com\/\",\"logo\":{\"@type\":\"ImageObject\",\"inLanguage\":\"es\",\"@id\":\"https:\/\/graficascondal.com\/#\/schema\/logo\/image\/\",\"url\":\"https:\/\/graficascondal.com\/wp-content\/uploads\/2023\/10\/logoGC-1.png\",\"contentUrl\":\"https:\/\/graficascondal.com\/wp-content\/uploads\/2023\/10\/logoGC-1.png\",\"width\":2048,\"height\":2183,\"caption\":\"Gr\u00e1ficas Condal SA\"},\"image\":{\"@id\":\"https:\/\/graficascondal.com\/#\/schema\/logo\/image\/\"},\"sameAs\":[\"https:\/\/www.linkedin.com\/company\/graficas-condal-s-a-\/\"]}]}<\/script>\n<!-- \/ Yoast SEO plugin. -->","yoast_head_json":{"title":"Nous - Gr\u00e1ficas Condal SA - Exp\u00e9rience et innovation","description":"Plus de 50 ans d'exp\u00e9rience en arts graphiques, proposant des solutions personnalis\u00e9es et durables \u00e0 nos clients.","robots":{"index":"index","follow":"follow","max-snippet":"max-snippet:-1","max-image-preview":"max-image-preview:large","max-video-preview":"max-video-preview:-1"},"canonical":"https:\/\/graficascondal.com\/index.php\/fr\/nous\/","og_locale":"es_ES","og_type":"article","og_title":"Nous - Gr\u00e1ficas Condal SA - Exp\u00e9rience et innovation","og_description":"Plus de 50 ans d'exp\u00e9rience en arts graphiques, proposant des solutions personnalis\u00e9es et durables \u00e0 nos clients.","og_url":"https:\/\/graficascondal.com\/index.php\/fr\/nous\/","og_site_name":"Gr\u00e1ficas Condal SA - Soluciones de packaging personalizadas","article_modified_time":"2024-12-15T15:11:17+00:00","og_image":[{"url":"http:\/\/graficascondal.com\/wp-content\/uploads\/2023\/10\/edificio.png","type":"","width":"","height":""}],"twitter_card":"summary_large_image","twitter_misc":{"Tiempo de lectura":"2 minutos"},"schema":{"@context":"https:\/\/schema.org","@graph":[{"@type":"WebPage","@id":"https:\/\/graficascondal.com\/index.php\/fr\/nous\/","url":"https:\/\/graficascondal.com\/index.php\/fr\/nous\/","name":"Nous - Gr\u00e1ficas Condal SA - Exp\u00e9rience et innovation","isPartOf":{"@id":"https:\/\/graficascondal.com\/#website"},"primaryImageOfPage":{"@id":"https:\/\/graficascondal.com\/index.php\/fr\/nous\/#primaryimage"},"image":{"@id":"https:\/\/graficascondal.com\/index.php\/fr\/nous\/#primaryimage"},"thumbnailUrl":"http:\/\/graficascondal.com\/wp-content\/uploads\/2023\/10\/edificio.png","datePublished":"2023-11-15T10:11:20+00:00","dateModified":"2024-12-15T15:11:17+00:00","description":"Plus de 50 ans d'exp\u00e9rience en arts graphiques, proposant des solutions personnalis\u00e9es et durables \u00e0 nos clients.","breadcrumb":{"@id":"https:\/\/graficascondal.com\/index.php\/fr\/nous\/#breadcrumb"},"inLanguage":"es","potentialAction":[{"@type":"ReadAction","target":["https:\/\/graficascondal.com\/index.php\/fr\/nous\/"]}]},{"@type":"ImageObject","inLanguage":"es","@id":"https:\/\/graficascondal.com\/index.php\/fr\/nous\/#primaryimage","url":"https:\/\/graficascondal.com\/wp-content\/uploads\/2023\/10\/edificio.png","contentUrl":"https:\/\/graficascondal.com\/wp-content\/uploads\/2023\/10\/edificio.png","width":512,"height":512},{"@type":"BreadcrumbList","@id":"https:\/\/graficascondal.com\/index.php\/fr\/nous\/#breadcrumb","itemListElement":[{"@type":"ListItem","position":1,"name":"Portada","item":"https:\/\/www.graficascondal.com\/"},{"@type":"ListItem","position":2,"name":"Nous"}]},{"@type":"WebSite","@id":"https:\/\/graficascondal.com\/#website","url":"https:\/\/graficascondal.com\/","name":"Gr\u00e1ficas Condal SA - Soluciones de packaging personalizadas","description":"Desde hace m\u00e1s de 60 a\u00f1os, producimos soluciones de packaging personalizadas con la m\u00e1xima calidad","publisher":{"@id":"https:\/\/graficascondal.com\/#organization"},"alternateName":"Gr\u00e1ficas Condal","potentialAction":[{"@type":"SearchAction","target":{"@type":"EntryPoint","urlTemplate":"https:\/\/graficascondal.com\/?s={search_term_string}"},"query-input":{"@type":"PropertyValueSpecification","valueRequired":true,"valueName":"search_term_string"}}],"inLanguage":"es"},{"@type":"Organization","@id":"https:\/\/graficascondal.com\/#organization","name":"Gr\u00e1ficas Condal SA","alternateName":"Gr\u00e1ficas Condal","url":"https:\/\/graficascondal.com\/","logo":{"@type":"ImageObject","inLanguage":"es","@id":"https:\/\/graficascondal.com\/#\/schema\/logo\/image\/","url":"https:\/\/graficascondal.com\/wp-content\/uploads\/2023\/10\/logoGC-1.png","contentUrl":"https:\/\/graficascondal.com\/wp-content\/uploads\/2023\/10\/logoGC-1.png","width":2048,"height":2183,"caption":"Gr\u00e1ficas Condal SA"},"image":{"@id":"https:\/\/graficascondal.com\/#\/schema\/logo\/image\/"},"sameAs":["https:\/\/www.linkedin.com\/company\/graficas-condal-s-a-\/"]}]}},"uagb_featured_image_src":{"full":false,"thumbnail":false,"medium":false,"medium_large":false,"large":false,"1536x1536":false,"2048x2048":false},"uagb_author_info":{"display_name":"admin8644","author_link":"https:\/\/graficascondal.com\/index.php\/author\/admin8644\/"},"uagb_comment_info":0,"uagb_excerpt":"Apprenez \u00e0 nous conna\u00eetre Graficas Condal est une entreprise fond\u00e9e en 1968 \u00e0 Terrassa (Barcelona &#8211; Espagne). Nous investissons constamment dans le capital humain et les derni\u00e8res technologies pour nous assurer d&#8217;offrir le meilleur service et la meilleure qualit\u00e9 \u00e0 nos clients. Nous nous engageons \u00e0 r\u00e9pondre \u00e0 vos besoins et travaillons pour devenir votre&hellip;","rttpg_featured_image_url":null,"rttpg_author":{"display_name":"admin8644","author_link":"https:\/\/graficascondal.com\/index.php\/author\/admin8644\/"},"rttpg_comment":0,"rttpg_category":" <a href=\"https:\/\/graficascondal.com\/index.php\/fr\/\" rel=\"tag\">Fran\u00e7ais<\/a>","rttpg_excerpt":"Apprenez \u00e0 nous conna\u00eetre Graficas Condal est une entreprise fond\u00e9e en 1968 \u00e0 Terrassa (Barcelona &#8211; Espagne). Nous investissons constamment dans le capital humain et les derni\u00e8res technologies pour nous assurer d&#8217;offrir le meilleur service et la meilleure qualit\u00e9 \u00e0 nos clients. Nous nous engageons \u00e0 r\u00e9pondre \u00e0 vos besoins et travaillons pour devenir votre&hellip;","_links":{"self":[{"href":"https:\/\/graficascondal.com\/index.php\/wp-json\/wp\/v2\/pages\/2517","targetHints":{"allow":["GET"]}}],"collection":[{"href":"https:\/\/graficascondal.com\/index.php\/wp-json\/wp\/v2\/pages"}],"about":[{"href":"https:\/\/graficascondal.com\/index.php\/wp-json\/wp\/v2\/types\/page"}],"author":[{"embeddable":true,"href":"https:\/\/graficascondal.com\/index.php\/wp-json\/wp\/v2\/users\/1"}],"replies":[{"embeddable":true,"href":"https:\/\/graficascondal.com\/index.php\/wp-json\/wp\/v2\/comments?post=2517"}],"version-history":[{"count":10,"href":"https:\/\/graficascondal.com\/index.php\/wp-json\/wp\/v2\/pages\/2517\/revisions"}],"predecessor-version":[{"id":2927,"href":"https:\/\/graficascondal.com\/index.php\/wp-json\/wp\/v2\/pages\/2517\/revisions\/2927"}],"wp:attachment":[{"href":"https:\/\/graficascondal.com\/index.php\/wp-json\/wp\/v2\/media?parent=2517"}],"curies":[{"name":"wp","href":"https:\/\/api.w.org\/{rel}","templated":true}]}}